 72393 is divided by 1249?
1200
Calculate the remainder when 1170 is divided by 1109.
61
What is the remainder when 355315 is divided by 21?
16
What is the remainder when 1788986 is divided by 15?
11
Calculate the remainder when 394260 is divided by 13.
9
Calculate the remainder when 122081 is divided by 24399.
86
Calculate the remainder when 20526 is divided by 4.
2
What is the remainder when 162382 is divided by 7?
3
What is the remainder when 2754 is divided by 149?
72
Calculate the remainder when 1861 is divided by 165.
46
What is the remainder when 3303 is divided by 541?
57
Calculate the remainder when 76017 is divided by 25337.
6
What is the remainder when 692 is divided by 662?
30
Calculate the remainder when 20375 is divided by 258.
251
Calculate the remainder when 1475 is divided by 728.
19
Calculate the remainder when 766775 is divided by 19.
11
What is the remainder when 2503 is divided by 770?
193
What is the remainder when 45672 is divided by 75?
72
What is the remainder when 8897 is divided by 2216?
33
Calculate the remainder when 3426 is divided by 1094.
144
What is the remainder when 12341 is divided by 375?
341
What is the remainder when 11150 is divided by 140?
90
What is the remainder when 36518 is divided by 5215?
13
Calculate the remainder when 192140 is divided by 7.
4
Calculate the remainder when 19428 is divided by 127.
124
Calculate the remainder when 54539 is divided by 2374.
2311
What is the remainder when 55251 is divided by 921?
912
Calculate the remainder when 48426 is divided by 1937.
1
What is the remainder when 10698 is divided by 818?
64
What is the remainder when 16401 is divided by 278?
277
What is the remainder when 17746 is divided by 5913?
7
Calculate the remainder when 40578 is divided by 286.
252
What is the remainder when 39687 is divided by 27?
24
Calculate the remainder when 195 is divided by 40.
35
What is the remainder when 6036 is divided by 1189?
91
Calculate the remainder when 497 is divided by 24.
17
What is the remainder when 20425 is divided by 45?
40
Calculate the remainder when 29374 is divided by 29288.
86
What is the remainder when 7584 is divided by 902?
368
Calculate the remainder when 12607 is divided by 6156.
295
Calculate the remainder when 117688 is divided by 80.
8
What is the remainder when 9743 is divided by 12?
11
What is the remainder when 1737 is divided by 1716?
21
Calculate the remainder when 604365 is divided by 432.
429
Calculate the remainder when 1299 is divided by 70.
39
Calculate the remainder when 374355 is divided by 22017.
66
What is the remainder when 5727 is divided by 2675?
377
Calculate the remainder when 175663 is divided by 8.
7
Calculate the remainder when 189851 is divided by 18981.
41
What is the remainder when 4290 is divided by 74?
72
Calculate the remainder when 75438 is divided by 75426.
12
What is the remainder when 3568431 is divided by 844?
843
Calculate the remainder when 1588 is divided by 1463.
125
What is the remainder when 40238 is divided by 40237?
1
Calculate the remainder when 4595 is divided by 463.
428
What is the remainder when 182353 is divided by 60771?
40
What is the remainder when 12774 is divided by 11084?
1690
Calculate the remainder when 34752 is divided by 79.
71
What is the remainder when 79693 is divided by 69?
67
What is the remainder when 23830 is divided by 1702?
2
Calculate the remainder when 4508 is divided by 95.
43
What is the remainder when 4055 is divided by 426?
221
What is the remainder when 13789 is divided by 1270?
1089
What is the remainder when 165961 is divided by 55317?
10
What is the remainder when 27851 is divided by 3481?
3
What is the remainder when 5087 is divided by 179?
75
Calculate the remainder when 59580 is divided by 1139.
352
What is the remainder when 96499 is divided by 57?
55
What is the remainder when 68338 is divided by 42?
4
What is the remainder when 1055 is divided by 272?
239
What is the remainder when 19392 is divided by 3877?
7
Calculate the remainder when 48784 is divided by 751.
720
What is the remainder when 26393 is divided by 13124?
145
Calculate the remainder when 1167 is divided by 221.
62
Calculate the remainder when 316055 is divided by 15050.
5
Calculate the remainder when 149966 is divided by 194.
4
What is the remainder when 24106 is divided by 2007?
22
Calculate the remainder when 2907 is divided by 189.
72
What is the remainder when 761 is divided by 248?
17
Calculate the remainder when 1321898 is divided by 138.
134
Calculate the remainder when 132569 is divided by 947.
936
Calculate the remainder when 7812 is divided by 605.
552
Calculate the remainder when 873 is divided by 33.
15
What is the remainder when 19880 is divided by 641?
9
What is the remainder when 1677 is divided by 111?
12
What is the remainder when 13752 is divided by 327?
18
What is the remainder when 4511 is divided by 2?
1
What is the remainder when 393149 is divided by 161?
148
Calculate the remainder when 82360 is divided by 113.
96
Calculate the remainder when 47231 is divided by 96.
95
What is the remainder when 16027 is divided by 3?
1
What is the remainder when 34579 is divided by 1181?
330
Calculate the remainder when 342206 is divided by 11.
7
Calculate the remainder when 2148 is divided by 17.
6
Calculate the remainder when 12465 is divided by 12.
9
What is the remainder when 25367 is divided by 1044?
311
Calculate the remainder when 65107 is divided by 490.
427
Calculate the remainder when 4685 is divided by 1150.
85
What is the remainder when 54527 is divided by 64?
63
What is the remainder when 191992 is divided by 150?
142
Calculate the remainder when 13582 is divided by 1376.
1198
Calculate the remainder when 450298 is divided by 4.
2
Calculate the remainder when 44992 is divided by 865.
12
What is the remainder when 3498 is divided by 1138?
84
What is the remainder when 149208 is divided by 127?
110
Calculate the remainder when 119685 is divided by 18.
3
Calculate the remainder when 337289 is divided by 37474.
23
Calculate the remainder when 22928 is divided by 26.
22
What is the remainder when 5894 is divided by 219?
200
Calculate the remainder when 90764 is divided by 496.
492
What is the remainder when 35143 is divided by 208?
199
Calculate the remainder when 265 is divided by 211.
54
Calculate the remainder when 1439 is divided by 12.
11
Calculate the remainder when 136673 is divided by 173.
3
Calculate the remainder when 468 is divided by 124.
96
What is the remainder when 49695 is divided by 560?
415
What is the remainder when 11613 is divided by 2891?
49
What is the remainder when 990 is divided by 163?
12
What is the remainder when 4769 is divided by 1539?
152
Calculate the remainder when 34606 is divided by 251.
219
Calculate the remainder when 3499 is divided by 1137.
88
What is the remainder when 12512 is divided by 4126?
134
What is the remainder when 44469 is divided by 44415?
54
What is the remainder when 4318 is divided by 75?
43
Calculate the remainder when 1031 is divided by 435.
161
What is the remainder when 31228 is divided by 148?
0
Calculate the remainder when 37877 is divided by 999.
914
What is the remainder when 90950 is divided by 166?
148
What is the remainder when 38061 is divided by 568?
5
Calculate the remainder when 1674 is divided by 222.
120
Calculate the remainder when 4070 is divided by 204.
194
What is the remainder when 91144 is divided by 121?
31
What is the remainder when 5964 is divided by 497?
0
What is the remainder when 3050 is divided by 198?
80
What is the remainder when 2241 is divided by 781?
679
What is the remainder when 2289 is divided by 1958?
331
What is the remainder when 45392 is divided by 5?
2
Calculate the remainder when 20488 is divided by 89.
18
What is the remainder when 119304 is divided by 29824?
8
Calculate the remainder when 1522231 is divided by 92.
91
What is the remainder when 6335 is divided by 2106?
17
What is the remainder when 77053 is divided by 731?
298
Calculate the remainder when 1481 is divided by 126.
95
What is the remainder when 1592 is divided by 34?
28
What is the remainder when 130350 is divided by 2607?
0
What is the remainder when 869913 is divided by 2?
1
Calculate the remainder when 8052 is divided by